ivide 1727576968?
False
Does 318 divide 729726366?
True
Is 320 a factor of 1226914654?
False
Does 310 divide 71067500?
True
Does 816 divide 52390439?
False
Is 571 a factor of 576060773?
True
Does 409 divide 6640180?
False
Is 3435 a factor of 494165970?
True
Does 793 divide 51087583?
False
Is 11 a factor of 2332902?
True
Is 103 a factor of 11071392?
False
Is 59 a factor of 201028222?
True
Does 2106 divide 313366482?
True
Does 17 divide 1334231?
False
Is 102675934 a multiple of 140?
False
Is 175780039 a multiple of 19?
True
Does 467 divide 415815078?
False
Does 15 divide 45306124?
False
Is 232 a factor of 130965625?
False
Is 22227722 a multiple of 367?
True
Is 23735710 a multiple of 1225?
False
Is 634 a factor of 177524242?
False
Is 26 a factor of 8805784?
True
Does 10 divide 29175050?
True
Does 93 divide 27476320?
False
Is 149 a factor of 1664827469?
False
Does 5 divide 10867378?
False
Does 5163 divide 823407101?
False
Does 21 divide 115666277?
False
Is 21440520 a multiple of 47?
False
Is 97033038 a multiple of 1178?
True
Is 653514527 a multiple of 83?
True
Does 117 divide 78254865?
True
Is 2770765435 a multiple of 291?
False
Is 341 a factor of 37106256?
True
Does 225 divide 1876345793?
False
Does 7 divide 558901?
True
Does 168 divide 1299460071?
False
Is 19364657 a multiple of 3?
False
Is 1178 a factor of 41484448?
True
Does 8232 divide 156407344?
False
Is 6725600 a multiple of 10?
True
Is 7 a factor of 291110507?
False
Is 45 a factor of 17998063?
False
Is 2090302628 a multiple of 11494?
False
Does 1004 divide 2430107382?
False
Does 28 divide 24551912?
True
Is 586 a factor of 564752226?
True
Is 210092008 a multiple of 98?
True
Is 19425651 a multiple of 519?
True
Does 28 divide 203231374?
False
Does 944 divide 15476880?
True
Does 27 divide 14430814?
False
Is 44 a factor of 2838961046?
False
Is 8506672 a multiple of 1065?
False
Does 35 divide 456114?
False
Is 178 a factor of 30219950?
True
Does 730 divide 47381663?
False
Is 94310843 a multiple of 37?
False
Is 233350528 a multiple of 64?
True
Is 70966119 a multiple of 164?
False
Does 789 divide 154815260?
False
Is 154000327 a multiple of 1651?
True
Is 7 a factor of 123433097?
False
Is 1287218122 a multiple of 7?
False
Does 909 divide 34018860?
False
Is 104 a factor of 109854529?
False
Is 19 a factor of 95719036?
True
Is 356 a factor of 49862428?
True
Is 805500 a multiple of 196?
False
Does 63 divide 206534108?
False
Is 77053991 a multiple of 332?
False
Does 21 divide 28027587?
True
Does 8718 divide 1653412290?
True
Is 99 a factor of 1751872518?
True
Is 1767617 a multiple of 8?
False
Does 1340 divide 1639877334?
False
Is 155634984 a multiple of 6040?
False
Does 147 divide 32526981?
False
Is 327 a factor of 12930888?
True
Does 65 divide 684196?
False
Does 126 divide 12659268?
False
Is 2287 a factor of 2243780274?
True
Does 176 divide 527724384?
True
Does 811 divide 29636373?
True
Is 156 a factor of 21674016?
True
Is 229 a factor of 1232723602?
False
Is 863 a factor of 92078648?
True
Is 83841856 a multiple of 64?
True
Is 129 a factor of 30962208?
False
Is 30348027 a multiple of 639?
True
Is 587 a factor of 99840009?
False
Does 4051 divide 310140509?
True
Does 113 divide 35588914?
False
Does 69 divide 1999414690?
False
Is 646364961 a multiple of 8?
False
Does 11 divide 49871033?
False
Is 8 a factor of 2228946208?
True
Is 24547984 a multiple of 2977?
False
Is 432 a factor of 218571096?
False
Is 159135715 a multiple of 28?
False
Does 133 divide 520834294?
False
Is 161 a factor of 30506131?
False
Does 11 divide 112686629?
True
Is 689 a factor of 11643686?
False
Does 1507 divide 47377864?
False
Is 77 a factor of 170928989?
True
Does 5 divide 120839899?
False
Is 4835229 a multiple of 7?
True
Is 5944710 a multiple of 145?
True
Does 2 divide 3533348?
True
Does 16 divide 1181731268?
False
Is 29 a factor of 16519821?
True
Is 22 a factor of 953964858?
True
Does 3542 divide 601140575?
False
Is 6601 a factor of 373570393?
True
Is 770936538 a multiple of 3?
True
Is 425 a factor of 41101860?
False
Does 1649 divide 220294857?
True
Is 123 a factor of 642432330?
False
Does 2906 divide 92715930?
True
Is 237 a factor of 155407536?
True
Is 135669942 a multiple of 442?
False
Is 1120353003 a multiple of 616?
False
Is 2 a factor of 4069209?
False
Is 470015702 a multiple of 58?
True
Does 373 divide 2432333?
True
Is 80 a factor of 7810337?
False
Does 1787 divide 80663393?
True
Is 12 a factor of 2068872?
True
Is 32 a factor of 14480496?
False
Is 426 a factor of 191127837?
False
Does 4 divide 514638805?
False
Does 677 divide 47781983?
True
Is 10 a factor of 10268301?
False
Is 2 a factor of 1724606?
True
Does 683 divide 161076?
False
Is 216 a factor of 175804376?
False
Does 17 divide 220256352?
True
Does 115 divide 314317885?
True
Is 1543 a factor of 93589122?
True
Is 44 a factor of 90032448?
True
Is 605229755 a multiple of 1059?
False
Is 28943226 a multiple of 13?
True
Does 20 divide 1059270280?
True
Is 43422016 a multiple of 44?
True
Is 19 a factor of 1248604?
True
Is 2482620833 a multiple of 12?
False
Is 6607130 a multiple of 10?
True
Does 83 divide 1994886408?
True
Is 105290098 a multiple of 734?
True
Is 624509228 a multiple of 176?
False
Is 160168612 a multiple of 17?
False
Is 10301753 a multiple of 397?
True
Does 6827 divide 674459811?
True
Is 410953601 a multiple of 1296?
False
Is 485 a factor of 180152280?
True
Does 115 divide 10485700?
True
Is 18 a factor of 2789177?
False
Does 797 divide 620575283?
True
Does 345 divide 83815680?
True
Is 759 a factor of 41194725?
True
Is 330 a factor of 1392098375?
False
Does 46 divide 1042683932?
True
Is 3344987415 a multiple of 987?
True
Is 242 a factor of 75442180?
False
Does 1818 divide 900331776?
True
Is 2446 a factor of 3195469210?
False
Is 7 a factor of 495555041?
False
Is 4 a factor of 567035813?
False
Is 1995174950 a multiple of 16?
False
Is 133506490 a multiple of 13?
True
Does 289 divide 14979737?
True
Is 4806 a factor of 52411541?
False
Is 4055 a factor of 10806575?
True
Is 205648487 a multiple of 11?
True
Does 12 divide 3084634236?
True
Is 81407860 a multiple of 310?
True
Is 27329599 a multiple of 426?
False
Is 1794019452 a multiple of 2292?
True
Is 1238 a factor of 70874645?
False
Does 10 divide 62223020?
True
Is 246 a factor of 6653366676?
True
Does 33 divide 104498930?
False
Is 3025071 a multiple of 50?
False
Is 23 a factor of 188451062?
False
Is 435700300 a multiple of 206?
True
Does 69 divide 2808064419?
False
Does 1727 divide 97114391?
True
Is 66636354 a multiple of 224?
False
Is 40343900 a multiple of 1278?
False
Does 18 divide 30024216?
True
Is 449943290 a multiple of 866?
True
Is 19352962 a multiple of 5?
False
Is 55314409 a multiple of 34?
False
Is 17757942 a multiple of 75?
False
Is 87562755 a multiple of 465?
True
Is 1663194400 a multiple of 280?
True
Is 41748296 a multiple of 107?
False
Is 7993 a factor of 294617198?
False
Is 378 a factor of 2287656378?
True
Does 5 divide 1028726468?
False
Is 25101021 a multiple of 60?
False
Does 1214 divide 86115600?
False
Does 69 divide 228292158?
True
Is 417 a factor of 55676589?
True
Is 82 a factor of 2552193092?
True
Does 51 divide 42048181?
False
Is 695114522 a multiple of 3397?
True
Is 11 a factor of 49859205?
True
Is 105 a factor of 108089310?
True
Is 168 a factor of 162735384?
True
Is 12 a factor of 9690192?
True
Is 652 a factor of 208409844?
True
Is 66770368 a multiple of 64?
True
Is 6053370012 a multiple of 1506?
True
Is 86763288 a multiple of 2861?
False
Does 50 divide 31331261?
False
Does 585 divide 46747351?
False
Is 700858984 a multiple of 132?
False
Does 47 divide 241170066?
True
Is 32 a factor of 12753440?
True
Does 3584 divide 776161384?
False
Does 22 divide 1642354358?
False
Is 5620058927 a multiple of 306?
False
Is 30 a factor of 288131820?
True
Does 182 divide 553520422?
True
Is 173656900 a multiple of 23?
True
Does 391 divide 140397038?
False
Is 58309381 even?
False
Is 2061 a factor of 3084786899?
False
Is 10 a factor of 162401330?
True
Is 258644436 a multiple of 3135?
False
Is 22896086 a multiple of 22?
False
Is 369752346 a multiple of 153?
True
Is 1675525169 a multiple of 2723?
False
Is 39997750 a multiple of 103?
False
Does 4 divide 9510901?
False
Is 20 a factor of 54436360?
True
Does 585 divide 1